{"id":2420,"date":"2023-01-06T12:06:22","date_gmt":"2023-01-06T11:06:22","guid":{"rendered":"https:\/\/www.magyarbal.de\/?page_id=2420"},"modified":"2026-02-03T22:01:01","modified_gmt":"2026-02-03T21:01:01","slug":"impresszum","status":"publish","type":"page","link":"https:\/\/www.magyarbal.de\/de\/kapcsolat\/impresszum\/","title":{"rendered":"Impressum"},"content":{"rendered":"<div class=\"wp-block-columns is-layout-flex wp-container-core-columns-is-layout-9d6595d7 wp-block-columns-is-layout-flex\">\n<div class=\"wp-block-column is-layout-flow wp-block-column-is-layout-flow\">\n<p><strong>Verein zur F\u00f6rderung der ungarischen Kultur und der V\u00f6lkerverst\u00e4ndigung in Europa e.V.<\/strong> (e.V.)<br>Frankfurt am Main<\/p>\n\n\n\n<p>Vereinsregister: VR 15604<br>Registergericht: Amtsgericht Frankfurt am Main<\/p>\n\n\n\n<p><strong>Vertreten durch:<\/strong><\/p>\n\n\n\n<p>N\u00e1ndor Klement Vorstandsvorsitzender<\/p>\n\n\n\n<h3 class=\"wp-block-heading\">Kontakte<\/h3>\n\n\n\n<p>Telefon: +49 69 98190685<br>E-Mail: vorstand@emke-ev.de<\/p>\n\n\n\n<h3 class=\"wp-block-heading\">Postadresse<\/h3>\n\n\n\n<img decoding=\"async\" src=\"https:\/\/www.magyarbal.de\/wp-content\/uploads\/2023\/01\/Postacim.png\" alt=\"\">\n\n\n\n<h3 class=\"wp-block-heading\">Redaktionell verantwortlich<\/h3>\n\n\n\n<img decoding=\"async\" src=\"https:\/\/www.magyarbal.de\/wp-content\/uploads\/2023\/01\/Felelos.png\" alt=\"\">\n\n\n\n<h3 class=\"wp-block-heading\">EU-s jogvita rendez\u00e9s<\/h3>\n\n\n\n<p>Az Eur\u00f3pai Bizotts\u00e1g online vitarendez\u00e9si platformot bocs\u00e1t rendelkez\u00e9sre: <a href=\"https:\/\/ec.europa.eu\/consumers\/odr\/\" target=\"_blank\" rel=\"noreferrer noopener nofollow\">https:\/\/ec.europa.eu\/consumers\/odr\/<\/a><\/p>\n\n\n\n<p>E-mail c\u00edm\u00fcnket az impresszum elej\u00e9n, a <strong>kapcsolatok<\/strong> c\u00edmsz\u00f3 alatt tal\u00e1lja.<\/p>\n\n\n\n<h3 class=\"wp-block-heading\">Verbraucher\u00adstreit\u00adbeilegung\/Universal\u00adschlichtungs\u00adstelle<\/h3>\n\n\n\n<p>Wir sind nicht bereit oder verpflichtet, an Streitbeilegungsverfahren vor einer Verbraucherschlichtungsstelle teilzunehmen.<\/p>\n\n\n\n<div class=\"wp-block-group is-nowrap is-layout-flex wp-container-core-group-is-layout-ad2f72ca wp-block-group-is-layout-flex\">\n<div class=\"wp-block-columns is-layout-flex wp-container-core-columns-is-layout-9d6595d7 wp-block-columns-is-layout-flex\">\n<div class=\"wp-block-column is-layout-flow wp-block-column-is-layout-flow\" style=\"flex-basis:30%\"><div class=\"wp-block-image\">\n<figure class=\"alignleft size-full\"><img loading=\"lazy\" decoding=\"async\" width=\"120\" height=\"156\" src=\"https:\/\/www.magyarbal.de\/wp-content\/uploads\/2023\/01\/erecht24-siegel-impressum-blau.png\" alt=\"\" class=\"wp-image-2415\"\/><figcaption class=\"wp-element-caption\">erecht24.de<\/figcaption><\/figure>\n<\/div><\/div>\n\n\n\n<div class=\"wp-block-column is-vertically-aligned-center ticss-ad5253b0 is-layout-flow wp-block-column-is-layout-flow\" style=\"flex-basis:70%\">\n<p class=\"has-small-font-size\">Az impresszum sz\u00f6veg\u00e9nek n\u00e9met nyelv\u0171 eredeti v\u00e1ltozata az erecht24.de impresszum gener\u00e1tor\u00e1val k\u00e9sz\u00fclt.<\/p>\n<\/div>\n<\/div>\n<\/div>\n<\/div>\n<\/div>","protected":false},"excerpt":{"rendered":"<p>Egyes\u00fclet a magyar kult\u00fara \u00e9s az eur\u00f3pai n\u00e9pek k\u00f6lcs\u00f6n\u00f6s meg\u00e9rt\u00e9s\u00e9nek t\u00e1mogat\u00e1s\u00e1\u00e9rt (e.V.)Frankfurt am Main Egyes\u00fcleti jegyz\u00e9k: VR 15604Bejegyz\u0151 b\u00edr\u00f3s\u00e1g: Amtsgericht Frankfurt am Main K\u00e9pviseli: Klement N\u00e1ndor egyes\u00fcleti eln\u00f6k Kapcsolatok Telefon: +49 69 98190685E-mail: vorstand@emke-ev.de Postai c\u00edm Szerkeszt\u0151i felel\u0151ss\u00e9g EU-s jogvita rendez\u00e9s Az Eur\u00f3pai Bizotts\u00e1g online vitarendez\u00e9si platformot bocs\u00e1t rendelkez\u00e9sre: https:\/\/ec.europa.eu\/consumers\/odr\/ E-mail c\u00edm\u00fcnket az impresszum elej\u00e9n, [&hellip;]<\/p>\n","protected":false},"author":4,"featured_media":0,"parent":2851,"menu_order":0,"comment_status":"closed","ping_status":"closed","template":"","meta":{"_themeisle_gutenberg_block_has_review":false,"footnotes":""},"class_list":["post-2420","page","type-page","status-publish","hentry"],"_links":{"self":[{"href":"https:\/\/www.magyarbal.de\/de\/wp-json\/wp\/v2\/pages\/2420","targetHints":{"allow":["GET"]}}],"collection":[{"href":"https:\/\/www.magyarbal.de\/de\/wp-json\/wp\/v2\/pages"}],"about":[{"href":"https:\/\/www.magyarbal.de\/de\/wp-json\/wp\/v2\/types\/page"}],"author":[{"embeddable":true,"href":"https:\/\/www.magyarbal.de\/de\/wp-json\/wp\/v2\/users\/4"}],"replies":[{"embeddable":true,"href":"https:\/\/www.magyarbal.de\/de\/wp-json\/wp\/v2\/comments?post=2420"}],"version-history":[{"count":16,"href":"https:\/\/www.magyarbal.de\/de\/wp-json\/wp\/v2\/pages\/2420\/revisions"}],"predecessor-version":[{"id":6624,"href":"https:\/\/www.magyarbal.de\/de\/wp-json\/wp\/v2\/pages\/2420\/revisions\/6624"}],"up":[{"embeddable":true,"href":"https:\/\/www.magyarbal.de\/de\/wp-json\/wp\/v2\/pages\/2851"}],"wp:attachment":[{"href":"https:\/\/www.magyarbal.de\/de\/wp-json\/wp\/v2\/media?parent=2420"}],"curies":[{"name":"wp","href":"https:\/\/api.w.org\/{rel}","templated":true}]}}

<div class="wp-block-columns is-layout-flex wp-container-core-columns-is-layout-9d6595d7 wp-block-columns-is-layout-flex">
<div class="wp-block-column is-layout-flow wp-block-column-is-layout-flow">
<p><strong>Verein zur Förderung der ungarischen Kultur und der Völkerverständigung in Europa e.V.</strong> (e.V.)<br>Frankfurt am Main</p>



<p>Vereinsregister: VR 15604<br>Registergericht: Amtsgericht Frankfurt am Main</p>



<p><strong>Vertreten durch:</strong></p>



<p>Nándor Klement Vorstandsvorsitzender</p>



<h3 class="wp-block-heading">Kontakte</h3>



<p>Telefon: +49 69 98190685<br>E-Mail: vorstand@emke-ev.de</p>



<h3 class="wp-block-heading">Postadresse</h3>



<img decoding="async" src="https://www.magyarbal.de/wp-content/uploads/2023/01/Postacim.png" alt="">



<h3 class="wp-block-heading">Redaktionell verantwortlich</h3>



<img decoding="async" src="https://www.magyarbal.de/wp-content/uploads/2023/01/Felelos.png" alt="">



<h3 class="wp-block-heading">EU-s jogvita rendezés</h3>



<p>Az Európai Bizottság online vitarendezési platformot bocsát rendelkezésre: <a href="https://ec.europa.eu/consumers/odr/" target="_blank" rel="noreferrer noopener nofollow">https://ec.europa.eu/consumers/odr/</a></p>



<p>E-mail címünket az impresszum elején, a <strong>kapcsolatok</strong> címszó alatt találja.</p>



<h3 class="wp-block-heading">Verbraucher­streit­beilegung/Universal­schlichtungs­stelle</h3>



<p>Wir sind nicht bereit oder verpflichtet, an Streitbeilegungsverfahren vor einer Verbraucherschlichtungsstelle teilzunehmen.</p>



<div class="wp-block-group is-nowrap is-layout-flex wp-container-core-group-is-layout-ad2f72ca wp-block-group-is-layout-flex">
<div class="wp-block-columns is-layout-flex wp-container-core-columns-is-layout-9d6595d7 wp-block-columns-is-layout-flex">
<div class="wp-block-column is-layout-flow wp-block-column-is-layout-flow" style="flex-basis:30%"><div class="wp-block-image">
<figure class="alignleft size-full"><img loading="lazy" decoding="async" width="120" height="156" src="https://www.magyarbal.de/wp-content/uploads/2023/01/erecht24-siegel-impressum-blau.png" alt="" class="wp-image-2415"/><figcaption class="wp-element-caption">erecht24.de</figcaption></figure>
</div></div>



<div class="wp-block-column is-vertically-aligned-center ticss-ad5253b0 is-layout-flow wp-block-column-is-layout-flow" style="flex-basis:70%">
<p class="has-small-font-size">Az impresszum szövegének német nyelvű eredeti változata az erecht24.de impresszum generátorával készült.</p>
</div>
</div>
</div>
</div>
</div>

<p>Egyesület a magyar kultúra és az európai népek kölcsönös megértésének támogatásáért (e.V.)Frankfurt am Main Egyesületi jegyzék: VR 15604Bejegyző bíróság: Amtsgericht Frankfurt am Main Képviseli: Klement Nándor egyesületi elnök Kapcsolatok Telefon: +49 69 98190685E-mail: vorstand@emke-ev.de Postai cím Szerkesztői felelősség EU-s jogvita rendezés Az Európai Bizottság online vitarendezési platformot bocsát rendelkezésre: https://ec.europa.eu/consumers/odr/ E-mail címünket az impresszum elején, [&hellip;]</p>
